0
(-10 - 2 - -4) + (-1 - -4)
-5
Calculate -4 + -3 + (12 - 7 - -6).
4
Evaluate -2 + (3 + -3 - 1).
-3
What is the value of 10 - 1 - (-27 - -35)?
1
What is the value of -9 - (-9 + 9 + -5)?
-4
What is -4 + (-6 - -12) + 2?
4
Calculate -2 + -4 + (2 - 0).
-4
What is -2 + 3 + -7 + 3?
-3
What is -2 + (2 - 2) + -1 + 3?
0
What is the value of -13 + 7 + 7 - 1?
0
What is 3 - (-3 + 4 - 1)?
3
Evaluate 3 + (8 - 5) - (0 - -2).
4
Calculate (-3 - -6) + (0 - 8).
-5
(-2 + 6 - -1) + -9
-4
(10 - 5) + 9 - 12
2
Calculate 3 + -1 + (-2 + 3 - 0).
3
What is -8 - -7 - (3 + -1 - 0)?
-3
What is the value of 0 - ((-7 - -3) + 7)?
-3
-6 - -10 - 0 - (-1 - -9)
-4
What is 1 - (-1 + 0 + 2)?
0
What is the value of (-1 - 5 - -3 - 2) + 6?
1
Evaluate (4 - (7 - -1)) + 7.
3
Calculate 0 + -1 + -7 + 9.
1
Evaluate 8 - 8 - (-9 + 4 - 0).
5
Evaluate -4 + 2 - ((-5 - -2) + 0).
1
Evaluate (0 - 0) + -2 + -3.
-5
Evaluate -4 - (2 + (7 - 4) + -8).
-1
2 - (-3 - (2 + 1 + -3))
5
Calculate (0 - -4) + -2 + 5 + -3.
4
Evaluate 0 + -1 + -3 + 2 + -3.
-5
Evaluate -131 + 144 + (-4 - -1).
10
Calculate 3 - (4 - (0 - 6)).
-7
What is -9 + 2 + (-2 - -2) - -3?
-4
Calculate 2 + -3 + 4 + 1 + -2.
2
Evaluate (-5 + 8 - 0) + -4.
-1
(7 - 0) + -3 - 9
-5
What is 1 - ((0 - 2) + 1) - -2?
4
Calculate 2 + -5 + 4 + 6 - 4.
3
-13 + 6 - 2 - -5
-4
What is the value of -373 - -389 - (1 + 5 - 0)?
10
(-5 - 2 - -2) + (5 - -1)
1
What is 2 - (2 - (-1 + 1))?
0
Evaluate (6 + -2 - 5) + 6.
5
Calculate 0 + 2 + 9 + -10.
1
What is -1 + 8 - (-8 + 14 + 8)?
-7
-2 - ((-6 - -8) + -2)
-2
Evaluate -3 + 1 + -4 + 4.
-2
Calculate -2 + 4 + -4 + (-1 - 0).
-3
Calculate 1 + -9 + 5 - 2.
-5
Evaluate 0 + -6 + (-1 - -3) + 6.
2
(-3 - -6) + -4 + -3 + 7
3
Calculate (-6 - (-5 + 8)) + 5.
-4
Evaluate (9 - (-2 - -1) - 5) + -8.
-3
What is the value of (19 - 18) + (0 - -6)?
7
(-5 + 0 - 0) + (-106 - -115)
4
What is the value of (4 - (-3 - -6)) + 4?
5
Evaluate (0 - 4) + -3 - -2.
-5
Calculate (0 - -28) + -11 - 9.
8
What is (-1 - (-9 - (1 - 8))) + -2?
-1
What is 9 + (-3 - 2) + -10?
-6
What is the value of (-2 - (-2 - 1)) + -1 + 1?
1
(-5 - 0) + -1 + (-5 - -5)
-6
Calculate 0 + (2 + 1 - (1 - -5)).
-3
Evaluate 1 + (-7 - (-3 - 1)).
-2
What is -2 - ((2 - 1) + -1)?
-2
Evaluate -2 - ((-4 - -11) + -12).
3
Evaluate 4 + 2 - -4 - 3 - 4.
3
-6 - (-1 - 2 - -4) - -5
-2
Calculate 5 + -1 - (-6 + 2 + 5).
3
What is the value of -2 - (-3 + (-1 - -2) + 2)?
-2
What is 5 + (-7 - -1) + -3?
-4
Calculate 9 - (-8 + 23 + -3).
-3
What is the value of (-2 - -7 - 3 - 2) + 0?
0
Evaluate 3 - (2 - (-5 + 4)).
0
What is 5 - (-1 - -1) - -2 - 3?
4
0 - 5 - -3 - -4
2
Evaluate 0 + (-4 - -4 - -1).
1
Evaluate 8 - (2 + 11 + -7).
2
Evaluate (-8 - (-9 - (1 + -6))) + 2.
-2
What is (0 - -8 - 2) + (11 - 11)?
6
Calculate (8 + -1 - 3) + 0.
4
Calculate -2 + 6 + -4 + (3 - 1).
2
What is -15 - -12 - (-1 + -1)?
-1
(-166 - -178) + -20 + 0
-8
What is the value of -9 + 15 - (6 + -3)?
3
What is -6 + 4 + -5 + (-1 - -3)?
-5
Calculate -9 + 8 + (-3 - 1) + 9.
4
What is 2 + 0 + -1 + -3?
-2
29 + -20 - (7 + 0)
2
Evaluate 0 - (10 + -9 - -7).
-8
-4 + 8 + (9 - 2 - 5)
6
What is the value of 0 + 19 + (-4 - 7)?
8
Evaluate 2 + -3 + (-8 + 4 - -7).
2
What is -4 + (-8 - -7) + 3?
-2
Evaluate -16 + 14 + 2 + 4.
4
Calculate (0 - 4) + (-95 - -107).
8
What is the value of -1 + -7 + (18 - (18 + -9))?
1
Calculate -4 + 5 + 3 + 0 + -1.
3
Evaluate 3 + (3 - (6 + -1)) + 4.
5
Evaluate -7 + (9 - 10) - (2 + -17).
7
Evaluate 1 + 6 - (2 - -1).
4
Evaluate -9 + (6 - (4 + 1)).
-8
What is the value of -1 - -3 - (61 + -66)?
7
Evaluate 5 + (-10 - 2) + 15.
8
(1 + (6 - 13) - -4) + -2
-4
What is the value of 6 + -10 - (-2 - -2)?
-4
What is the value of 2 - 2 - (3 + (14 - 8))?
-9
-116 + 107 - (1 - 2 - 1)
-7
What is (-7 - (-8 + 2)) + 9?
8
What is the value of -5 + 9 + -4 + -5?
-5
Calculate -4 + (-4 + 1 - -3).
-4
What is the value of 3 - (-4 - (1 + (-1 - 6)))?
1
-8 - (-6 + 11 - 5)
-8
Calculate 8 - (9 - (4 - 8)).
-5
Calculate 3 + (-5 - -2) + -1.
-1
Calculate (1 - 0) + 1 + -5.
-3
What is the value of -1 - 0 - (-1 + 0 + -1)?
1
Calculate (62 - 57) + (1 - 2).
4
What is the value of -7 + 19 + -12 + 5?
5
What is 3 - (4 - -4) - 0?
-5
Calculate -1 - (6 - (-7 - -8)).
-6
3 + 4 + -6 + 4
5
What is the value of (0 - 2) + -1 + 1?
-2
Evaluate -3 - -4 - -4 - (0 - -2).
3
Evaluate 1 + 4 - (4 + 7).
-6
What is the value of -4 - (-10 - (1 + -5))?
2
4 + -5 + 1 + -1 + 5
4
Evaluate 3 + (2 - 0 - (42 + -41)).
4
What is 2 - (10 + -3 + 3 - 2)?
-6
What is the value of 5 + (-4 - -2) + (-1 - -1)?
3
-10 + 7 + 0 + -3 + 2
-4
-6 + 0 - (1 + -5)
-2
Calculate -4 + (-4 + 0 - -6) - 0.
-2
What is the value of -3 + 1 + (11 + -7 - 7)?
-5
Calculate (10 - 2) + 0 - 5.
3
4 - (10 + -4 - 5)
3
1 + (-1 - -3 - (-14 + 16))
1
Evaluate 5 + -2 + 0 - (-1 + 2).
2
Evaluate 5 - 2 - (2 - (0 - -2)).
3
Evaluate (1 + -3 - -1) + 1.
0
What is the value of 0 - (-2 - -2 - 3)?
3
What is the value of (27 - 17) + -5 + 0 + -7?
-2
What is the value of -2 + (-4 - -9 - 0)?
3
Evaluate 4 - (-2 - -6 - -5).
-5
What is the value of -4 + (3 - -6) + -2 + -1?
2
Evaluate 4 - (3 + -1 + -1 - -1).
2
Evaluate -1 + -4 + -6 + 11.
0
3 - (6 - 2 - (2 + 1))
2
What is the value of -6 + 5 + (4 - 5) + 1?
-1
What is (-3 + 2 - -1) + 1?
1
Calculate (-6 - 6) + 3 + -2 + 5.
-6
What is 4 + (-3 - -10) - 7 - -2?
6
Calculate (-10 - -5 - 1) + (1 - -3).
-2
Calculate 5 + 2 - (3 + -1 - -2).
3
Evaluate 4 + (-4 - (-10 + 6)).
4
Calculate -2 + (20 - 8 - 5).
5
What is the value of (2 - 6) + 5 + -6 - -7?
2
What is -5 - -2 - (-2 - (-1 + -1))?
-3
What is 0 + (7 - 0) - (3 + 1)?
3
Calculate 1 - ((6 - 0) + -10).
5
Calculate 2 + (-4 + 2 - -3).
3
Calculate -4 + 3 - (10 + 10 + -17).
-4
2 + -1 + -3 + -3
-5
What is 3 - 2 - (-1 + 2)?
0
What is the value of 1 + 2 + (117 - 114)?
6
What is the value of -1 + 8 + 9 + -20?
-4
Evaluate 2 + 1 - (9 - 8).
2
Evaluate -87 + 74 + (0 - 0) + 5.
-8
What is the value of 2 + 0 + -22 + 16?
-4
Calculate (-12 - (-9 + 4)) + (-1 - -11).
3
Calculate -8 + -1 + -2 - -14.
3
Evaluate 0 + (-1 - (-6 - (5 - 8))).
2
What is (0 - (-4 + 10 + -3)) + -2?
-5
Evaluate -2 + -2 - (1 - 3).
-2
What is the value of 10 - (0 - -6) - (-2 + -1)?
7
What is 3 - (2 + -1) - (-19 - -19)?
2
What is 10 - (-6 - (-12 + -5))?
-1
Evaluate 0 + (3 - 4) - -3.
2
Calculate -3 - 0 - ((8 - -8) + -14).
-5
Calculate (0 - 2) + 43 + -36.
5
7 + -2 + -3 + (-1 - -4)
5
-9 + (17 + -8 - 6)
-6
-3 + (8 - (6 + -4))
3
What is the value of 5 - (-4 + 3) - 4?
2
Evaluate (-12 + 8 - -12) + -14.
-6
Evaluate 9 - (27 + (8 - 21)).
-5
What is the value of 3 + (-5 - (0 + -2))?
0
Calculate (-2 - -4) + 57 + -61.
-2
What is the value of 2 - (-3 + 8 - 8)?
5
Calculate 5 + -1 - -2 - 5.
1
Calculate -2 + (-4 + 3 - 0).
-3
-7 - (3 - 1) - (-14 - -11)
-6
Calculate -1 + 1 + 4 - (-9 + 12).
1
What is 1 + (-3 - 2) - -5?
1
Calculate 17 + (-5 - -4 - (18 - 13)).
11
(-9 - (-6 - 0)) + 3
0
Evaluate 4 + 3 + (0 - 5) + -4.
-2
What is 9 + 1 + 0 + -6 + -2?
2
Evaluate 5 - ((3 - -1) + -4).
5
What is the value of -7 + (16 - 15 - (-2 - 3))?
-1
What is 4 + (2 - 4) + (1 - 5)?
-2
What is the value of 0 + 4 - (1 - 0 - -2)?
1
What is the value of -3 - (-4 - -8 - 2)?
-5
Evaluate (3 - 8) + 7 + 0 + 3.
5
Calculate -5 - (5 - 6) - 1.
-5
Calculate 2 + 2 + -1 - 0.
3
Evaluate 19 + (1 - 9) + -7.
4
Calculate -4 + (-1 - 2 - (-2 - 1)).
-4
Evaluate 0 + (11 - (2 + 3)) + -4.
2
Evaluate -5 + (5 + -5 - -3).
-2
Evaluate (-5 + 17 - 11) + -5.
-4
Calculate 3 - ((3 - 1) + 0).
1
9 - (8 - 15 - (1 - 11))
6
1 - (0 - (2 - 3) - 4)
4
Calculate (5 - (-2 + 4)) + -2 + -2.
-1
Calculate -4 + -1 - (0 - 8).
3
What is the value of 4 + (2 - -1 - (11 + -7))?
3
What is (-7 - -6) + -2 + -2?
-5
What is 1 - -1 - (1 + -2 + 4)?
-1
Evaluate 5 - (7 + -5 + (3 - 2)).
2
(0 - -3) + (-2 - -2) + -7
-4
Calculate -2 - (0 - -2) - (-4 + 2).
-2
Calculate 0 + -3 - -1 - (-1 - -1).
-2
2 + (-2 - 4) - -4
0
What is the value of 1 + 2 - (4 - 6)?
5
Calculate (-1 - -2) + (-12 - -6).
-5
Evaluate -7 + (5 - 4 - -11).
5
Calculate 14 + (0 - 1) + -10.
3
What is the value of 5 + -1 - (5 + -3)?
2
What is the value of 4 + -1 + (5 - (-2 + 5))?
5
What is the value of (-2 - (-5 + 3)) + 1 - -2?
3
What is the value of 2 - (3 + 2 + -2 + -3)?
2
Calculate -3 - (2 - 3 - -3).
-5
Evaluate -8 - (1 + -14 + 2).
3
Evaluate (-24 - -21) + (7 - 2).
2
Calculate 0 + -9 - (28 - 36).
-1
-1 + (2 + -7 - (-14 - -1))
7
-7 + 4 + 1 + -1
-3
Evaluate 35 - 31 - (1 - 0) - -2.
5
What is 